f) = -f**3 + 14*f**2 - 24*f + 692. What is t(13)?
549
Let y(n) = -n**3 - 12*n**2 - 56*n - 21. Calculate y(-4).
75
Let z(k) = k**3 + 43*k**2 + 99*k + 469. Determine z(-41).
-228
Let s(x) = 59401*x + 356418. What is s(-6)?
12
Let p(i) = 741*i - 2697. Determine p(6).
1749
Let t(v) = -v**3 - 16*v**2 + 31*v + 289. What is t(-20)?
1269
Let x(p) = 24*p**3 - 3332*p**2 - 552*p - 579. Give x(139).
-23
Let m(z) = -z**3 - 45*z**2 - 103*z - 6254. Give m(-47).
3005
Let u(d) = d**3 + 173*d**2 + 2844*d + 29982. What is u(-156)?
30
Let j(x) = 917*x - 4701. Determine j(6).
801
Let s(i) = 15559*i - 2147138. Calculate s(138).
4
Let d(y) = 4*y**2 + 808*y + 8835. Give d(-11).
431
Let n(d) = -1480*d + 14701. What is n(10)?
-99
Let s(j) = 3*j**3 - 15*j**2 - 89*j + 423. Calculate s(6).
-3
Let n(q) = 186*q**2 + 61*q - 559. What is n(-3)?
932
Let r(u) = -36*u**3 - 6*u**2 + 973*u - 2925. Calculate r(3).
-1032
Let n(z) = 2*z**3 + 523*z**2 + 456*z + 50879. Calculate n(-261).
-16
Let v(f) = 10*f**3 + 161*f**2 + 67*f + 887. Determine v(-16).
71
Let u(a) = 742121*a + 5194848. What is u(-7)?
1
Let z(l) = 23328*l + 466551. Determine z(-20).
-9
Let u(s) = -s**2 + 26284*s + 131453. Determine u(-5).
8
Let p(q) = q**3 + 61*q**2 - 210*q - 640. Determine p(-2).
16
Let u(m) = m**3 + 613*m + 2490. Determine u(-4).
-26
Let n(i) = -3*i**3 - 4*i**2 + 21*i - 16. Give n(1).
-2
Let r(t) = -2*t**2 - 134*t + 1736. Calculate r(-74).
700
Let m(k) = k**3 + 64*k**2 + 829*k + 46. Determine m(-44).
2290
Let u(b) = 394*b - 48398. Calculate u(124).
458
Let w(x) = 890*x**3 + 40*x**2 - 34*x - 4. Calculate w(1).
892
Let i(q) = 5*q**3 - q**2 + 139*q - 268. Calculate i(9).
4547
Let s(p) = -3358*p + 4533279. Calculate s(1350).
-21
Let v(w) = 165*w + 9076. Give v(-55).
1
Let m(c) = -15208*c - 821237. Give m(-54).
-5
Let r(h) = -15700*h - 298284. Calculate r(-19).
16
Let r(g) = 310*g**2 - 2658*g + 1405. Calculate r(8).
-19
Let w(g) = -523*g + 73661. Determine w(141).
-82
Let y(u) = 4*u**2 + 4*u - 51440. Calculate y(113).
88
Let y(j) = j**2 - 197*j + 1046. Calculate y(191).
-100
Let o(g) = 6*g**3 + 223*g**2 - 325*g - 5123. Give o(-38).
7
Let g(x) = 98*x - 1783. What is g(19)?
79
Let o(k) = -k**3 + 50*k**2 + 7850*k + 735. Calculate o(-67).
-2
Let j(m) = 2*m**2 + 11*m - 99. Give j(13).
382
Let h(y) = 5*y + 659. What is h(-50)?
409
Let l(i) = -8*i**3 + 738*i**2 + 520*i - 64762. Give l(92).
6
Let c(o) = 2*o**3 + 1148*o**2 + 10145*o - 14126. Calculate c(-565).
-1
Let u(z) = 57046*z - 855578. Determine u(15).
112
Let s(j) = j**3 + 90*j**2 - 86*j - 645. Calculate s(-91).
-1100
Let t(j) = 250*j**3 + 420*j**2 - 2*j - 7. Determine t(-2).
-323
Let l(u) = 17*u**2 + 17*u - 48. Calculate l(5).
462
Let h(v) = -579*v - 19992. What is h(-35)?
273
Let z(p) = -11*p**3 - 171*p**2 + 111*p + 35. What is z(-16)?
-461
Let f(t) = 2135*t - 15632. What is f(7)?
-687
Let b(k) = 3*k**3 - 542*k**2 - 183*k + 802. Calculate b(181).
440
Let j(p) = -10*p**3 + 3*p**2 + 109*p + 575. What is j(-5)?
1355
Let x(m) = 98314*m - 688203. Give x(7).
-5
Let y(l) = -21*l**2 - 6685*l - 32946. Determine y(-5).
-46
Let n(x) = -x**3 + 25*x**2 - 322*x + 8562. Calculate n(25).
512
Let o(m) = -1155*m - 2273. Give o(-2).
37
Let r(a) = -a**2 + 8699*a - 774821. Calculate r(90).
-11
Let q(l) = 9*l**3 - 3*l**2 + 6*l - 40. What is q(5)?
1040
Let g(d) = d**3 - 17*d**2 - 318*d - 5080. What is g(32)?
104
Let g(n) = 2484*n - 161464. Calculate g(65).
-4
Let n(v) = 3*v**3 - 14*v**2 + 5044*v - 25226. Determine n(5).
19
Let z(n) = -47*n**2 + 6696*n - 3114. Determine z(142).
10
Let j(b) = -b**2 - 7039*b - 84320. Give j(-12).
4
Let g(z) = 209*z**2 + 180*z + 13. Calculate g(-1).
42
Let h(q) = 3*q**3 - 5*q**2 - 103*q + 343. Give h(4).
43
Let l(n) = -2*n**3 + 70*n**2 - 27*n - 138. Determine l(35).
-1083
Let t(q) = 5*q**2 - 64034*q + 192065. Calculate t(3).
8
Let u(h) = h**3 - 41*h**2 - 1055*h + 1603. Give u(-19).
-12
Let o(n) = -n**2 + 3007*n - 112862. Determine o(38).
-40
Let x(c) = c**3 + 28*c**2 + 184*c - 132. Calculate x(-16).
-4
Let v(c) = c**2 - 273*c - 390650. Calculate v(777).
958
Let d(v) = -4*v**2 + 575*v - 4467. Calculate d(136).
-251
Let k(a) = -a**3 + 38*a**2 + 125*a + 414. What is k(41)?
496
Let u(p) = p**3 - 36*p**2 - 89*p + 367. Calculate u(38).
-127
Let l(x) = 15*x**2 + 305*x - 139. Determine l(-21).
71
Let s(y) = -480*y**2 + 3*y - 4. Calculate s(-1).
-487
Let o(q) = -174*q - 37424. Calculate o(-215).
-14
Let n(o) = -2*o**2 - 201*o + 4729. Determine n(20).
-91
Let h(s) = 15*s**3 - 87*s**2 + 8*s + 3. Give h(6).
159
Let t(m) = 878*m + 176471. What is t(-201)?
-7
Let a(q) = -q**2 - 202*q - 8583. Calculate a(-61).
18
Let v(x) = 43*x - 771. Determine v(30).
519
Let i(q) = 517*q**2 + 2066*q - 1. Calculate i(-4).
7
Let j(x) = -244567*x + 5135891. Determine j(21).
-16
Let s(c) = -c**3 - 15*c**2 - 229*c - 3187. Determine s(-16).
733
Let q(p) = -8128*p - 1033. Give q(0).
-1033
Let g(p) = -p**3 - 23*p**2 - 347*p - 8896. Give g(-24).
8
Let n(y) = y**2 - 169*y - 19461. What is n(-77)?
-519
Let w(z) = -z**2 - 6666*z - 205533. What is w(-31)?
152
Let g(z) = z**3 - 91*z**2 + 1931*z - 557. Calculate g(33).
4
Let b(u) = 656*u**3 - 7*u**2 + 341*u + 348. Determine b(-1).
-656
Let y(j) = 9*j**2 + 984*j - 1346. Calculate y(-110).
-686
Let o(q) = -q**3 + 25*q**2 + 33*q - 171. Calculate o(26).
11
Let t(z) = -4697*z + 216091. Determine t(46).
29
Let a(o) = -9*o**3 - 71*o**2 + 8*o + 2. Give a(-7).
-446
Let p(k) = 188*k - 31653. What is p(165)?
-633
Let a(g) = 63*g**2 + 3057*g - 12. Determine a(-49).
1458
Let x(h) = 5061*h - 389683. Calculate x(77).
14
Let i(s) = s**3 + 121*s**2 + 523*s - 6605. Give i(-116).
7
Let i(u) = 9*u**2 - 229*u + 1185. Give i(18).
-21
Let q(r) = -10*r**2 + 780*r + 1442. Calculate q(0).
1442
Let c(x) = -2*x**3 - 89*x**2 - 35*x - 3587. Determine c(-45).
13
Let q(l) = 74*l + 1094. Calculate q(-43).
-2088
Let r(t) = 7458*t - 22461. Give r(3).
-87
Let n(p) = 10*p + 162. What is n(-66)?
-498
Let u(k) = -28649*k + 1002687. Calculate u(35).
-28
Let d(l) = -2*l**3 + 87*l**2 + 157*l - 4972. Calculate d(44).
0
Let b(h) = -1560*h - 10643. Give b(-7).
277
Let c(z) = 32*z**2 + 765*z - 1203. What is c(-25)?
-328
Let g(m) = 2*m**3 - 43*m**2 - 89*m + 117. Calculate g(0).
117
Let u(n) = -10588*n + 698688. Calculate u(66).
-120
Let q(o) = 13506*o + 121446. Determine q(-9).
-108
Let n(y) = y**3 + 83*y**2 + 1342*y - 38. What is n(-61)?
-38
Let x(t) = 11*t**2 + 82*t - 1099. Determine x(-18).
989
Let l(m) = -186*m + 27540. Calculate l(148).
12
Let d(g) = -20*g**3 + 174*g**2 - 28*g + 99. Determine d(9).
-639
Let z(y) = 167*y + 13637. What is z(-81)?
110
Let r(z) = 7*z**2 - 1607*z - 31196. What is r(-18)?
-2
Let i(y) = -3805*y - 34186. Give i(-9).
59
Let s(p) = -2*p**3 - 11*p**2 + 19*p - 9. What is s(4)?
-237
Let j(g) = g**3 - 2*g**2 - 1555*g + 7726. Calculate j(5).
26
Let f(x) = 91*x**2 - 102*x - 1. What is f(2)?
159
Let v(b) = -12*b**2 - 1136*b + 3742. What is v(-98)?
-178
Let p(o) = -2*o**3 + 341*o**2 - 165*o - 470. Give p(170).
380
Let d(s) = -12*s**2 - 853*s + 12134. Calculate d(12).
170
Let y(f) = -f**3 + 10*f**2 - 6*f + 39. Calculate y(13).
-546
Let y(o) = -2*o**3 - 137*o**2 - 987*o - 4382. Determine y(-61).
10
Let z(j) = 51307*j - 5438542. Determine z(106).
0
Let b(s) = -s**3 + 499*s**2 - 40801*s + 5157. Calculate b(396).
9
Let a(l) = 21*l - 626. Give a(-24).
-1130
Let j(n) = 232*n - 2025. Calculate j(16).
1687
Let g(o) = -o**2 + 113*o - 1756. Determine g(84).
680
Let a(j) = -253*j**3 + 684*j**2 - 3*j + 10. Calculate a(3).
-674
Let t(i) = 13*i**2 + 1004*i - 8571. Give t(-85).
14
Let h(l) = l**3 + 179*l**2 + 3316*l - 326. Determine h(-21).
-284
Let h(d) = -3*d**2 - 73*d - 234. Calculate h(-12).
210
Let b(m) = -11*m**3 + 174*m + 180. Calculate b(-1).
17
Let y(m) = -m**2 + 419*m + 94835. Give y(582).
-31
Let g(l) = 24*l**3 + 85*l**2 + 46*l + 69. Determine g(-4).
-291
Let h(n) = n**3 + 113*n**2 + 1980*n + 479. What is h(-91)?
2481
Let d(i) = -1253*i + 30142. Determine d(24).
70
Let f(y) = -2*y**3 + 2*y**2 + 25*y + 171. Calculate f(-10).
2121
Let g(k) = 890*k - 25756. Give g(29).
54
Let c(s) = -648*s**2 - 7799*s - 293. Calculate c(-12).
-17
Let y(z) = -10*z**3 - 18*z**2 - 81*z - 565. Calculate y(-6).
1433
Let v(y) = -y**3 + 43*y**2 + 3462*y - 136262. Give v(37).
46
Let b(t) = 64973*